s of x?
3, 13
Let b be -1 + (5/(-5) - -2). Suppose 5*y - 524 - 291 = b. What are the prime factors of y?
163
What are the prime factors of 4 + (-46)/12 - 4055/(-6)?
2, 13
Let g(d) be the first derivative of -11*d**3/3 - 3*d**2/2 - 3*d + 5. Let x(j) be the first derivative of g(j). List the prime factors of x(-3).
3, 7
Let g be 2 + (0 - 4) + -3. Let n(t) = t**3 + 9*t**2 + 12*t - 1. List the prime factors of n(g).
3, 13
Let a(h) = 24*h**3 - 11*h**2 + 5*h - 42. What are the prime factors of a(5)?
2, 677
Let h = 2353 - 572. What are the prime factors of h?
13, 137
Suppose -904*u + 911*u - 9590 = 0. List the prime factors of u.
2, 5, 137
Suppose 0 = -4*a + 2*a + 4*f + 16, -14 = -4*a - f. Let h = a + 1. Suppose 0 = 3*d - 3, -h*d - 12 = -x + 7. What are the prime factors of x?
2, 3
Let k(f) be the first derivative of f**4/4 + 13*f**3/3 - 23*f**2/2 - 17*f + 7. List the prime factors of k(-14).
109
Let m be 10*1*8/20. Suppose 2*k = m*k - 458. List the prime factors of k.
229
Let x(l) = 6*l + 4. Let c be x(-3). Let g(y) = -y**2 + 3*y + 11. Let z be g(-3). List the prime factors of (-19)/((c/(-6))/z).
3, 19
Let r(t) = -7*t + 82. What are the prime factors of r(-6)?
2, 31
Let g = 177 - -30. Suppose -2*o - g = -563. List the prime factors of o.
2, 89
Suppose 65*i + 15 = 70*i. Suppose i*r = 288 + 231. What are the prime factors of r?
173
Let f be (-6)/((-2)/24*-4). List the prime factors of (-4)/6 - 2478/f.
137
Let i(z) = 2*z + 77. List the prime factors of i(37).
151
Let a(q) = 11*q**3 - 14*q**2 + 39*q + 23. List the prime factors of a(5).
11, 113
Let j(d) = d - 15. Let x(l) = l - 14. Let c(b) = 5*j(b) - 6*x(b). Let m be c(12). List the prime factors of m/3*78/(-3).
2, 13
Suppose 62*q + 19*q - 152766 = 0. List the prime factors of q.
2, 23, 41
What are the prime factors of (-1 - 3460/15)*(5 - 8)?
5, 139
Let l(g) = 8*g + 189. List the prime factors of l(44).
541
Let d = 31 + -44. Let w = d + 14. What are the prime factors of 1*33/w + -1?
2
Suppose 310 = 4*f + 2*b, 2*f + 4*b - 195 = -37. What are the prime factors of f?
7, 11
Let r(n) = -3*n + 39. Let k be r(12). Suppose k*u - 86 = 223. List the prime factors of u.
103
Let b = 42 + -24. Suppose -5*i - 5 = 0, -2 = k - 5*i - 12. Let l = k + b. List the prime factors of l.
23
Let q(g) = 2*g + 1. Let n(k) = 2*k - 3. Let p = -3 - -8. Let s be n(p). List the prime factors of q(s).
3, 5
Let c(y) = -y**2 - 12*y + 1. List the prime factors of c(-6).
37
Suppose -5 = u + g, -u - 4*g = -7*g - 7. What are the prime factors of (-175)/25*26/u?
7, 13
What are the prime factors of 5251 - -1 - (-30)/(225/15)?
2, 37, 71
Suppose 37 = 6*y - 83. Suppose -14*v + y*v = 1002. List the prime factors of v.
167
What are the prime factors of (45 + -49)/(1/(-137))?
2, 137
Let p(w) = 39*w**2 + 54*w + 6. What are the prime factors of p(4)?
2, 3, 47
Suppose 7*v - 2*v = 760. Let f = 360 - v. Suppose -4*x - 3*g = -f, 2*x + 4*g + g - 118 = 0. What are the prime factors of x?
7
Suppose 4*k - a + 304 = -5*a, -5*a = 3*k + 232. Let g = 150 + k. What are the prime factors of g?
2, 19
Suppose b - 3*b = t - 717, t - 725 = -4*b. What are the prime factors of t?
709
Suppose 72*t - 68*t - 5960 = i, -4459 = -3*t - 2*i. List the prime factors of t.
1489
Let j(x) be the first derivative of -x**3/3 + 10*x**2 + 45*x - 33. What are the prime factors of j(14)?
3, 43
Suppose -5*w + 5363 = 3*z - 0*z, -3*z - w = -5383. List the prime factors of z.
2, 449
Let k(x) be the first derivative of -3*x**2/2 + 14*x + 12. Suppose 0*s = -5*s - 30. What are the prime factors of k(s)?
2
Let h(n) = n**2 + 2*n + 31. Let g be (-6)/(-4) + 24/(-16). Let f be h(g). Suppose -6*r + 7*r - f = 0. List the prime factors of r.
31
Suppose 4*n = 12 + 8, 217 = 4*q + 5*n. Suppose 0*g - 3*a = g - 3, 0 = 4*g - a + 14. What are the prime factors of (q/5)/(g/(-10))?
2
Let f be (-6)/(-4) + (-43)/2. Let r = 16 + f. Let i(v) = -v**3 - 3*v**2 + 2*v - 4. List the prime factors of i(r).
2
Let k(w) = w + 15. Let p be k(16). Suppose x = q - p, 4*x = -2*q + x + 67. List the prime factors of q.
2
What are the prime factors of (-78)/15*30/(-24)*6?
3, 13
Suppose -3*c + 2*f = -8546, -10*f + 15*f + 8540 = 3*c. List the prime factors of c.
2, 3, 5, 19
Let p be (1/(-4))/((-3)/24). Suppose c - 5*i = 25, -p*c = c + i - 75. What are the prime factors of c?
5
Let c be 1/((-39)/(-12) + -3). Let w = c - 16. Let i = w + 45. What are the prime factors of i?
3, 11
Let d(r) be the third derivative of 19*r**5/60 + r**4/24 - r**3/6 - 3*r**2. List the prime factors of d(-1).
17
Let j be ((-8)/12 + 2)*36. Suppose 7*u + j = 4*u. What are the prime factors of u/(-10)*650/20?
2, 13
Suppose -11*v = -3*h - 7*v + 310, -3*h + 3*v + 315 = 0. Let u = h + -92. What are the prime factors of u?
2, 3
Let s be (2867/(-122))/(1/(-12)*-2). Let r = -59 - s. What are the prime factors of r?
2, 41
Suppose m - 3*p - 135 = 0, 5*m - 6*p - 625 = -p. Suppose 0 = -9*q + 10*q - m. What are the prime factors of q?
2, 3, 5
Let p(b) = b. Let q(r) = -5*r + 3. Let f(a) = 3*p(a) + q(a). Let t be f(-6). Suppose 0 = -3*d - d - 4, -t = -2*y + 5*d. What are the prime factors of y?
5
Suppose -2*y - 2*y = -5*a + 3604, -2*a - 4*y = -1436. What are the prime factors of a?
2, 3, 5
Let z(m) = -m**3 - 3*m**2 + 6. Let o be z(-3). Suppose 19 = -o*v + 91. What are the prime factors of v?
2, 3
Let b(d) = -d**3 + 4*d**2 - 5*d + 6. Let q be b(3). Suppose 5*v - 31 - 289 = q. List the prime factors of v.
2
Suppose -10*i - 78 = -12*i. Let j = 35 + i. What are the prime factors of j?
2, 37
Suppose 9*w - 11470 - 1958 = 0. What are the prime factors of w?
2, 373
Let a = 10 + -20. List the prime factors of (-638)/a - ((-45)/25)/9.
2
Let f be (-7)/2*8/(-2). Let q(l) = 19*l - 2 - 18 + 4 - 4 - l**2 + 1. What are the prime factors of q(f)?
3, 17
Let i = 344 + -238. Let h be (8/6)/(-2) + 352/132. Suppose 2*x - d + 3*d = 112, d + i = h*x. What are the prime factors of x?
2, 3
Let z be (-14)/21 - (-22)/6. Suppose 0 = -o + 3*o - z*j - 70, j = 4*o - 140. List the prime factors of o.
5, 7
Let a = 18 - -43. What are the prime factors of a?
61
Let i(p) = p**3 + 9*p**2 - 15*p - 25. Let m(y) = -y**3 - 4*y**2 - y - 14. Let k be m(-4). List the prime factors of i(k).
5
Let y(k) = k**3 + 24*k**2 + 51*k + 8. Let v be y(-21). Let h = -173 + v. What are the prime factors of h?
3, 29
Suppose z + 3*h = -z + 457, z - h = 226. List the prime factors of z.
227
Let b(k) be the second derivative of k**4/4 - 2*k**3/3 + 5*k. Suppose -3*f + 15 = 5*y, -3*f = f. What are the prime factors of b(y)?
3, 5
Suppose -105*k + 277660 = -122705. List the prime factors of k.
3, 31, 41
Let z = -783 + 1809. What are the prime factors of z?
2, 3, 19
Suppose 25359 = 49*h - 81069. List the prime factors of h.
2, 3, 181
Suppose -11 - 10 = -2*x - 5*k, 3*k = -5*x + 24. What are the prime factors of (-232)/(-6) + 1/x?
3, 13
List the prime factors of (-909)/(-6) + (27/6 - 4).
2, 19
Suppose -5*b - 14 = q + 46, -b - 12 = 3*q. Let y be 3/b - (-42)/8. Suppose 115 = 5*c - y. What are the prime factors of c?
2, 3
Let c be (-1 + 0)/(3/(-375)). Let q = -70 + c. List the prime factors of q.
5, 11
Suppose -15323 = 984*z - 995*z. What are the prime factors of z?
7, 199
Let f(r) = 6*r**2 + 18*r - 5. List the prime factors of f(-6).
103
Let a = 54 + 39. Let r = a - 75. List the prime factors of r.
2, 3
List the prime factors of (-174)/24 - 4/(-16) - -4858.
3, 7, 11
Let j = 237 - -697. List the prime factors of j.
2, 467
Let r be (5 - (-9)/(-2))*8. Suppose -5*k = r*i - 787, -2*k = i + k - 195. List the prime factors of i.
2, 3, 11
Suppose -5*a + 0*a + 15 = 0. Suppose 14*t - a*t - 1177 = 0. List the prime factors of t.
107
Suppose -9*q - 1730 + 8633 = 0. What are the prime factors of q?
13, 59
Suppose -4*p - 5*g + 196 = 0, 5*g = -2*p - 5 + 103. Let a(b) = -17*b - 17*b**2 + 0*b**3 - b**3 + 45 - p. List the prime factors of a(-16).
2, 3
Let l = -67 + 83. List the prime factors of l/136 - (-676)/34.
2, 5
Suppose 1200 = 6*a - 3*a. Suppose -30*x + 34*x = a. What are the prime factors of x?
2, 5
Let w = -502 - -853. List the prime factors of w.
3, 13
List the prime factors of ((-14)/(-6))/((-16)/(-1248)).
2, 7, 13
Let n(m) = 2*m**2 - 48*m + 49. Let d be n(23). Suppose 3*t - 3*a - 530 = -8*a, 4*a = -d*t + 526. What are the prime factors of t?
2, 5